= -62*c**2 + c**3 + 0*c**3 + 73*c**2 + u + 11*c. Calculate i(-10).
-5
Let t(z) = -3*z**2 - z. Let k be 3/(-9)*(-5 - -5). Suppose k = 2*l - 2 - 0. What is t(l)?
-4
Let r(n) = n**3 - 10*n**2 + 2*n - 24. Suppose 61*s + 160 = 77*s. Calculate r(s).
-4
Let m(n) = -n**3 + 7*n**2 + 5*n - 7. Let b be m(7). Let c = b + -34. Let r be (1/(-3))/(c/54). Let j(w) = w**2 - w. Give j(r).
6
Let g(u) be the first derivative of -u**6/360 - u**5/120 + 5*u**3/3 + 12. Let t(z) be the third derivative of g(z). What is t(-2)?
-2
Suppose 4*u + 5*d - 2 = -19, d + 1 = 0. Let n(w) = -2 + 0*w + 2*w + w**2 - 1. Determine n(u).
0
Let r(o) be the third derivative of -o**5/10 + o**4/8 - 2*o**3/3 + 2*o**2 - 64. Calculate r(2).
-22
Let u(m) = -m**2 - 4*m + 1. Let n be u(-2). Let p(r) = -3*r**2 - 19*r + 28. Let o(g) = 2*g**2 + 9*g - 14. Let t(y) = n*o(y) + 3*p(y). Give t(11).
3
Let h(t) be the first derivative of -5/2*t**2 + 4 + 1/3*t**3 + 4*t. Let s(b) = -b**2 - 6*b + 5. Let u be s(-6). Determine h(u).
4
Suppose -4*g + 44 = 16. Let i(q) be the third derivative of -13*q**4/24 + q**3/6 + 22*q**2. Let k(y) = 7*y - 1. Let r(j) = g*k(j) + 4*i(j). Calculate r(-3).
6
Let k be 9*(10 - 704/72). Let c(r) = -r**2 - 4*r + 10. Calculate c(k).
-2
Let q(i) be the second derivative of -i**3/6 + 5*i**2/2 + 94*i. Suppose 3*l - 5*l + 15 = 3*d, 0 = l + 4*d. Suppose 5*x = l + 18. Determine q(x).
-1
Suppose 0*g = -4*g + 4. Let w be (-1 - (-6)/3)*g. Let t(c) = -1 - w + 2*c - c. Give t(7).
5
Suppose 5*t = 2*s + 26, 5*s + 17*t + 3 = 14*t. Let a(k) = k**2 + 4*k + 4. Determine a(s).
1
Let j(x) = 6*x - 1. Let a(r) = -3*r. Let n(y) = -7*a(y) - 4*j(y). Determine n(3).
-5
Let u(h) = 4*h**2 + h. Let v(y) = y**2 - y + 1. Suppose 4*w = 5 - 1. Let d be w/((-4)/16) - 1. Let r(n) = d*v(n) + u(n). Calculate r(6).
-5
Let g(u) be the first derivative of -u**5/40 + u**4/24 + 4*u**3/3 + 5. Let q(a) be the third derivative of g(a). Let i be 1/(-1 + 2 - 0). Calculate q(i).
-2
Let l(c) = -3*c + 4. Let i = -122 + 126. Give l(i).
-8
Let r(q) = q + 11. Let j(l) = 1. Let g(c) = j(c) - r(c). What is g(-10)?
0
Let u(s) = s**2 + 8*s + 4. Suppose -16 = -t + 20. Let f = t + -43. Determine u(f).
-3
Let q(z) = -3*z. Let n be q(2). Suppose 0 = k - 0*k - 6. Let h(j) = 4 + 7*j + 6*j + j**2 - k*j. What is h(n)?
-2
Let g(p) = p**2 - 7*p - 1. Let n = 2974 + -2969. Calculate g(n).
-11
Let r(v) = 1. Let g(j) = -j + 7. Suppose -1 = -m - 22. Let w(t) = m*r(t) + 3*g(t). What is w(3)?
-9
Let z(y) be the second derivative of 2*y**3/3 + y**2 - 120*y. Give z(2).
10
Let d(g) be the second derivative of g**6/120 + g**5/60 + g**4/24 - 4*g**3/3 + 19*g**2/2 + 25*g. Let h(q) be the first derivative of d(q). Calculate h(0).
-8
Let i(h) = 60*h**3 + 2*h**2 + 3*h + 0*h - 3 - 61*h**3 + h**2. Calculate i(4).
-7
Let g = 33 + -37. Let c(t) be the third derivative of 1/120*t**6 - 4*t**2 + 0 - 1/6*t**4 + 1/15*t**5 - 5/6*t**3 + 0*t. Determine c(g).
11
Let m = 52 + -47. Let h(b) = -3*b - m*b + 15*b + b**2 + 4. Suppose -3*p + 4*p = 5*r + 12, -3*r = p + 12. Determine h(r).
-8
Let x = -58 - -31. Let g be (x/(-12))/((-6)/(-16)). Let p(d) = -d**2 + 6*d + 5. What is p(g)?
5
Suppose -2*i + 2 = -4. Let m(q) be the second derivative of 0 - 3*q - 3/2*q**2 - 1/3*q**3. What is m(i)?
-9
Let l(x) be the second derivative of -x**3/6 + 3*x**2/2 + 4*x + 34. What is l(-3)?
6
Let u be (-2)/((-21)/35*(-5)/6). Let t(k) be the second derivative of 0 + k - 1/3*k**3 + k**2. Determine t(u).
10
Let n(b) = 2*b**2 + 10*b + 7. Let i(s) = -s**2 - 5*s - 4. Suppose 21 = -5*u - 4. Let r(y) = u*i(y) - 3*n(y). Give r(-5).
-1
Let v(z) = -61*z**2 + 0 + 24*z**2 + 17*z**2 + 21*z**2 - 9 - 5*z. Give v(6).
-3
Let g(j) = -j + 3. Suppose -14*u - 35 = -9*u. Determine g(u).
10
Let v(c) be the second derivative of -c**3/6 - 2*c**2 - 2*c + 88. Let r(j) = j**2 - 5. Let g be r(0). What is v(g)?
1
Let k(c) = c**3 - 1. Let u(j) = -2*j**3 + 6*j**2 + 8*j + 3. Let i(w) = k(w) + u(w). Calculate i(7).
9
Let z(c) = 7*c**2 - 24*c + 2. Let h(s) = -3*s**2 + 11*s. Let x(f) = 5*h(f) + 2*z(f). Give x(8).
-4
Let m be 9/(-4) - 399/228. Let q(j) = -10*j - 3. Determine q(m).
37
Let l(v) = -5 + 3*v + 1 + 2*v + 2. Let g be l(2). Let k(p) = g*p - 4*p + 6 - p**2 - 8*p. Determine k(-6).
-6
Let r(n) = n**2 - n + 3. Let x(c) = -2*c**2 + 12*c - 15. Let t(g) = -r(g) - x(g). Give t(9).
-6
Suppose 0 = 4*f - 0*w + 5*w - 7, -16 = 5*f - 2*w. Let h(i) = -16*i**2 - 14*i - 10. Let b(r) = 23*r**2 + 20*r + 14. Let j(t) = -5*b(t) - 7*h(t). What is j(f)?
-8
Let k(b) = 37*b**2 - 2*b + 2. Let v be k(1). Let d = -15 + v. Suppose c - 3 = 4*l + 1, 3*l + d = -4*c. Let f(m) = 3*m + 1. Give f(l).
-5
Suppose 72*p - 69*p - 10 = 2*b, 4*b = -4*p - 20. Let o(r) be the first derivative of -r**3/3 + r**2/2 - 1. Give o(p).
0
Suppose -3*y - 4*y = -3*y. Let n(m) = -m**3 + m - 9. What is n(y)?
-9
Let p(o) be the third derivative of -2/3*o**3 + 1/15*o**5 + 0*o**4 - 6*o**2 + 0 - 1/120*o**6 + 0*o. Give p(4).
-4
Let x = -12 - -13. Let y be ((-5)/10)/(1/(-4)) - x. Let i(d) = -6*d**2 + d. Give i(y).
-5
Let n(o) = 2*o + 27. Let m be n(-15). Let y(z) = 3*z**2 + z - 3. Let u(q) = 2*q**2 - 2. Let f(r) = m*y(r) + 4*u(r). What is f(-3)?
1
Let f(r) be the second derivative of r**3/3 + 11*r**2/2 - r - 1. Determine f(-8).
-5
Let v(p) = 0*p**2 + 6*p - p**2 - 1 + p - 9*p. What is v(-4)?
-9
Let x(q) = -2*q + 3. Let r be x(0). Suppose -t - r = -0. Let w(j) = -j**3 - 3*j**2 + 2*j + 4. Determine w(t).
-2
Let z(h) = 2*h**3 - h + 1. Let x(r) = 5*r**3 + 4*r**2 - 7*r + 8. Let m(j) = x(j) - 3*z(j). What is m(3)?
2
Let d(p) = 3*p - 8. Suppose 67*s + 15 = 82*s. Give d(s).
-5
Let p(w) = w**3 + 12 + 25*w**2 + w**2 + 12*w - 4*w**2 - 11*w**2. Let l be ((-15)/2)/((-3)/(-4)). Determine p(l).
-8
Let i = -86 - -94. Let d(y) = -y**2 + 4*y + 7. Let z be d(6). Let m = z + i. Let a(h) = -2*h - 4. What is a(m)?
-10
Let b(u) = -u**3 - 8*u**2 - 6*u + 8. Suppose -4*q = -5*n + 56, 13 + 13 = 2*n + 2*q. Suppose -4*p = 4*z - 3*p + 29, -z = 5*p + n. Determine b(z).
1
Let f(t) = t**2 - 14*t - 12. Let r = 1702 - 1691. What is f(r)?
-45
Let q(l) = 4 - 3 - l - l + 0 + 6*l**2. Let i = 0 + 1. Determine q(i).
5
Let o(g) = -g**3 - 9*g**2 - 8*g - 12. Let k = 129 + -137. Calculate o(k).
-12
Let j be (1 + -1)*((-6)/2 - -2). Suppose 2*s + j*s = -g - 9, 0 = -3*s + 4*g - 8. Let k(z) = z**3 + 5*z**2 + 4*z - 4. Determine k(s).
-4
Let d = 5 + -3. Let f be ((-4)/16*-6)/(3/(-6)). Let c = d - f. Let z(v) = v**3 - 4*v**2 - 6*v + 6. Give z(c).
1
Let y(q) = -q**3 + 5*q**2 + 8*q - 6. Let j be y(6). Let v be 10/4 - (-7)/(-14). Let w(u) = -3 + 1 - 3 - 2 + v*u. What is w(j)?
5
Suppose -w + 3 = 8. Let p(a) = -a**3 - 5*a**2 + a + 5. Let r be p(w). Let k = r + 5. Let d(z) = z**2 - 3*z - 2. What is d(k)?
8
Let i = 55 + -46. Let s(z) = -z**3 + 8*z**2 + 6*z + 5. Give s(i).
-22
Let b(z) be the second derivative of z**4/12 - z**3/6 - 3*z**2 + 2*z. Let x = 38 - 34. Suppose -2*r = -r - x*r. Determine b(r).
-6
Let x(w) = -w - 6. Suppose -91*p = -37*p + 540. What is x(p)?
4
Let f(a) = -20*a**2 + 2*a - 4. Let y(i) = -5*i**2 - 1. Let q(j) = f(j) - 5*y(j). Determine q(-2).
17
Let k be ((-4)/(-6))/(251/(-126) + 2). Let x(g) = -9 - 73*g - k*g + 158*g. Determine x(-7).
-16
Let p(q) = -q**3 + 4*q + 1. Suppose 5*h + 4*m - 1 = 0, 9*m - 7*m - 11 = h. Calculate p(h).
16
Let p(q) = 5*q + 3. Let a(f) = f**3 + 14*f**2 + 11*f - 26. Let h be a(-13). Let b be h/(-1) + -3*8/12. Determine p(b).
-7
Let b(f) = f**2. Let h(p) = 7*p**2 - 9. Suppose 4*k + 5 = 3*k, 0 = 4*a + 4*k + 4. Suppose 3 = a*m + 7. Let c(r) = m*h(r) + 6*b(r). Calculate c(0).
9
Let k(b) = b + 1. Let q(p) = p**2 + 2. Let j(z) = 3*k(z) - q(z). Suppose 2*i - 17 = -3*l - 4, 3*l - 11 = -i. Give j(l).
1
Suppose 7*f - 30 = f. Let g(u) = 7 + 4*u**2 + 4*u + u**3 - 3*u**3 + u**3. Determine g(f).
2
Let p(z) = -11*z**3 - 9*z**2 + 22*z + 10. Let u(k) = -5*k**3 - 5*k**2 + 11*k + 5. Let h(i) = 4*p(i) - 9*u(i). Calculate h(-10).
5
Let q(i) be the third derivative of i**5/60 - i**4/12 + i**3/6 + 12*i**2 + i. Calculate q(1).
0
Let j(s) = -472*s + 473*s + 6 - 15. Let o(f) = f**2 + 2*f. Let b be o(-4). Determine j(b).
-1
Let f(y) = 534*y**3 + y + y**2 + 1 - 266*y**3 - 266*y**3. Determine f(-1).
-1
Let y = -509 - -505. Let f(u) = -3*u + 1 - 4*u**2 + 4*u**2 - u**2. Determine f(y).
-3
Let x(d) be the second derivative of -1/12*d